{"id":1618,"date":"2026-01-28T20:43:53","date_gmt":"2026-01-28T20:43:53","guid":{"rendered":"https:\/\/parodent.ch\/?page_id=1618"},"modified":"2026-02-27T08:02:02","modified_gmt":"2026-02-27T08:02:02","slug":"parodontologia-biel","status":"publish","type":"page","link":"https:\/\/parodent.ch\/it\/parodontologie-biel\/","title":{"rendered":"Trattamento delle gengive - parodontologia"},"content":{"rendered":"<h2 class=\"wp-block-heading\">Parodontite: una malattia diffusa e sottovalutata<\/h2>\n\n\n\n<p>La parodontite (precedentemente nota come malattia parodontale) \u00e8 un'infiammazione cronica del parodonto che, se non trattata, porta solitamente alla perdita dei denti. \u00c8 una delle malattie pi\u00f9 comuni del cavo orale e, secondo alcuni studi, colpisce circa 40% degli adulti, di solito senza che i soggetti colpiti se ne rendano conto. La maggior parte delle persone colpite si ammala intorno ai 35 anni. Se non trattata, la parodontite porta alla perdita dei denti.<\/p>\n\n\n\n<p>La causa principale della parodontite \u00e8 la placca batterica e il tartaro, che si formano quando l'igiene orale \u00e8 inadeguata. I batteri in essi contenuti scatenano inizialmente un'infiammazione superficiale al margine gengivale (gengivite). Se non viene trattata, l'infiammazione pu\u00f2 estendersi ai tessuti pi\u00f9 profondi, dando origine a una tasca parodontale e quindi alla parodontite.<\/p>\n\n\n\n<h3 class=\"wp-block-heading\">Cause e fattori di rischio della parodontite<\/h3>\n\n\n\n<ul class=\"wp-block-list\">\n<li>Scarsa igiene orale<\/li>\n\n\n\n<li>Il fumo<\/li>\n\n\n\n<li>Diabete<\/li>\n\n\n\n<li>Lo stress<\/li>\n\n\n\n<li>Predisposizione genetica<\/li>\n\n\n\n<li>Cambiamenti ormonali (ad es. gravidanza)<\/li>\n\n\n\n<li>Dieta non sana<\/li>\n<\/ul>\n\n\n\n<h3 class=\"wp-block-heading\">Sintomi<\/h3>\n\n\n\n<p>La parodontite di solito si sviluppa gradualmente e rimane indolore per molto tempo. I segni tipici sono<\/p>\n\n\n\n<ul class=\"wp-block-list\">\n<li>Gengive che sanguinano quando ci si lava i denti<\/li>\n\n\n\n<li>Arrossamento e gonfiore delle gengive<\/li>\n\n\n\n<li>Alito cattivo<\/li>\n\n\n\n<li>Recessione gengivale, ( i denti appaiono pi\u00f9 \u00bblunghi\u00bb, spazi interdentali scuri)<\/li>\n\n\n\n<li>Aumento della mobilit\u00e0 dei denti<\/li>\n\n\n\n<li>Colli dei denti sensibili<\/li>\n<\/ul>\n\n\n\n<h3 class=\"wp-block-heading\">Conseguenze<\/h3>\n\n\n\n<p>Senza trattamento, la parodontite porta alla perdita dei denti. La perdita dei denti comporta una perdita di qualit\u00e0 della vita. Mangiare, parlare, cantare e ridere diventa molto pi\u00f9 difficile per chi ne \u00e8 affetto, e la parodontite ha anche un effetto negativo sull'aspetto, poich\u00e9 le gengive si ritirano sempre di pi\u00f9 e la posizione dei denti si sposta.<\/p>\n\n\n\n<p>Secondo alcuni studi, i pazienti affetti da parodontite presentano un rischio maggiore di malattie cardiovascolari, diabete e parti prematuri.<\/p>\n\n\n\n<h3 class=\"wp-block-heading\">Terapia<\/h3>\n\n\n\n<p>L'obiettivo della terapia \u00e8 ridurre drasticamente il numero di batteri sulle superfici dentali, in modo che l'infiammazione del tessuto infettato dai batteri si riduca e la parodontite possa guarire. Questo obiettivo viene raggiunto attraverso<\/p>\n\n\n\n<ul class=\"wp-block-list\">\n<li>La pulizia professionale dei denti, idealmente effettuata da uno specialista parodontale, rimuove la placca e il tartaro dalle tasche gengivali e dal bordo gengivale<\/li>\n\n\n\n<li>Possibile somministrazione di antibiotici dopo la pulizia professionale dei denti<\/li>\n\n\n\n<li>Un'igiene orale ottimale a casa per evitare l'accumulo di placca batterica<\/li>\n\n\n\n<li>Un follow-up 2-3 mesi dopo l'inizio della terapia<\/li>\n\n\n\n<li>Terapia chirurgica nei casi gravi<\/li>\n\n\n\n<li>Assistenza professionale a lungo termine<\/li>\n<\/ul>\n\n\n\n<h3 class=\"wp-block-heading\">Possibili effetti collaterali dopo il trattamento della parodontite<\/h3>\n\n\n\n<p>I possibili effetti collaterali del trattamento gengivale sono lo sviluppo di spazi interdentali aperti, colli dentali esposti (recessioni gengivali) e la sensibilit\u00e0 temporanea di singoli denti.<\/p>\n\n\n\n<h3 class=\"wp-block-heading\">Prevenzione<\/h3>\n\n\n\n<ul class=\"wp-block-list\">\n<li>Una buona igiene orale, che comprende la pulizia degli spazi tra i denti con spazzolini interdentali o filo interdentale e la pulizia della lingua con un raschietto<\/li>\n\n\n\n<li>Smettere di fumare<\/li>\n\n\n\n<li>Alimentazione sana<\/li>\n\n\n\n<li>Controlli regolari dal dentista con pulizia dei denti, almeno una volta all'anno.<\/li>\n<\/ul>\n\n\n\n<p><\/p>\n\n\n\n<div class=\"wp-block-buttons is-layout-flex wp-container-core-buttons-is-layout-9ec3b7da wp-block-buttons-is-layout-flex\">\n<div class=\"wp-block-button\"><a class=\"wp-block-button__link wp-element-button\" href=\"https:\/\/www.parodont.ch\/\" target=\"_blank\" rel=\"noopener\">Ulteriori informazioni sulla parodontite<\/a><\/div>\n\n\n\n<div class=\"wp-block-button\"><a class=\"wp-block-button__link wp-element-button\" href=\"https:\/\/www.mundhygiene-instruktion.ch\/\" target=\"_blank\" rel=\"noopener\">Istruzioni per l'igiene orale<\/a><\/div>\n<\/div>\n\n\n\n<p><\/p>","protected":false},"excerpt":{"rendered":"<p>Parodontitis \u2013 Eine untersch\u00e4tzte Volkskrankheit Parodontitis (fr\u00fcher auch Parodontose genannt) ist eine chronische Entz\u00fcndung des Zahnhalteapparates, die unbehandelt in der Regel zum Zahnverlust f\u00fchrt. Sie z\u00e4hlt zu den h\u00e4ufigsten Erkrankungen im Mundraum und betrifft laut Studien ca. 40% der Erwachsenen \u2013 meistens ohne, dass die Betroffenen es wissen. Die meisten Betroffenen erkranken im Alter von [&hellip;]<\/p>\n","protected":false},"author":2,"featured_media":0,"parent":0,"menu_order":0,"comment_status":"closed","ping_status":"closed","template":"","meta":{"footnotes":""},"class_list":["post-1618","page","type-page","status-publish","hentry"],"_links":{"self":[{"href":"https:\/\/parodent.ch\/it\/wp-json\/wp\/v2\/pages\/1618","targetHints":{"allow":["GET"]}}],"collection":[{"href":"https:\/\/parodent.ch\/it\/wp-json\/wp\/v2\/pages"}],"about":[{"href":"https:\/\/parodent.ch\/it\/wp-json\/wp\/v2\/types\/page"}],"author":[{"embeddable":true,"href":"https:\/\/parodent.ch\/it\/wp-json\/wp\/v2\/users\/2"}],"replies":[{"embeddable":true,"href":"https:\/\/parodent.ch\/it\/wp-json\/wp\/v2\/comments?post=1618"}],"version-history":[{"count":0,"href":"https:\/\/parodent.ch\/it\/wp-json\/wp\/v2\/pages\/1618\/revisions"}],"wp:attachment":[{"href":"https:\/\/parodent.ch\/it\/wp-json\/wp\/v2\/media?parent=1618"}],"curies":[{"name":"wp","href":"https:\/\/api.w.org\/{rel}","templated":true}]}}

<h2 class="wp-block-heading">Parodontite: una malattia diffusa e sottovalutata</h2>



<p>La parodontite (precedentemente nota come malattia parodontale) è un'infiammazione cronica del parodonto che, se non trattata, porta solitamente alla perdita dei denti. È una delle malattie più comuni del cavo orale e, secondo alcuni studi, colpisce circa 40% degli adulti, di solito senza che i soggetti colpiti se ne rendano conto. La maggior parte delle persone colpite si ammala intorno ai 35 anni. Se non trattata, la parodontite porta alla perdita dei denti.</p>



<p>La causa principale della parodontite è la placca batterica e il tartaro, che si formano quando l'igiene orale è inadeguata. I batteri in essi contenuti scatenano inizialmente un'infiammazione superficiale al margine gengivale (gengivite). Se non viene trattata, l'infiammazione può estendersi ai tessuti più profondi, dando origine a una tasca parodontale e quindi alla parodontite.</p>



<h3 class="wp-block-heading">Cause e fattori di rischio della parodontite</h3>



<ul class="wp-block-list">
<li>Scarsa igiene orale</li>



<li>Il fumo</li>



<li>Diabete</li>



<li>Lo stress</li>



<li>Predisposizione genetica</li>



<li>Cambiamenti ormonali (ad es. gravidanza)</li>



<li>Dieta non sana</li>
</ul>



<h3 class="wp-block-heading">Sintomi</h3>



<p>La parodontite di solito si sviluppa gradualmente e rimane indolore per molto tempo. I segni tipici sono</p>



<ul class="wp-block-list">
<li>Gengive che sanguinano quando ci si lava i denti</li>



<li>Arrossamento e gonfiore delle gengive</li>



<li>Alito cattivo</li>



<li>Recessione gengivale, ( i denti appaiono più »lunghi», spazi interdentali scuri)</li>



<li>Aumento della mobilità dei denti</li>



<li>Colli dei denti sensibili</li>
</ul>



<h3 class="wp-block-heading">Conseguenze</h3>



<p>Senza trattamento, la parodontite porta alla perdita dei denti. La perdita dei denti comporta una perdita di qualità della vita. Mangiare, parlare, cantare e ridere diventa molto più difficile per chi ne è affetto, e la parodontite ha anche un effetto negativo sull'aspetto, poiché le gengive si ritirano sempre di più e la posizione dei denti si sposta.</p>



<p>Secondo alcuni studi, i pazienti affetti da parodontite presentano un rischio maggiore di malattie cardiovascolari, diabete e parti prematuri.</p>



<h3 class="wp-block-heading">Terapia</h3>



<p>L'obiettivo della terapia è ridurre drasticamente il numero di batteri sulle superfici dentali, in modo che l'infiammazione del tessuto infettato dai batteri si riduca e la parodontite possa guarire. Questo obiettivo viene raggiunto attraverso</p>



<ul class="wp-block-list">
<li>La pulizia professionale dei denti, idealmente effettuata da uno specialista parodontale, rimuove la placca e il tartaro dalle tasche gengivali e dal bordo gengivale</li>



<li>Possibile somministrazione di antibiotici dopo la pulizia professionale dei denti</li>



<li>Un'igiene orale ottimale a casa per evitare l'accumulo di placca batterica</li>



<li>Un follow-up 2-3 mesi dopo l'inizio della terapia</li>



<li>Terapia chirurgica nei casi gravi</li>



<li>Assistenza professionale a lungo termine</li>
</ul>



<h3 class="wp-block-heading">Possibili effetti collaterali dopo il trattamento della parodontite</h3>



<p>I possibili effetti collaterali del trattamento gengivale sono lo sviluppo di spazi interdentali aperti, colli dentali esposti (recessioni gengivali) e la sensibilità temporanea di singoli denti.</p>



<h3 class="wp-block-heading">Prevenzione</h3>



<ul class="wp-block-list">
<li>Una buona igiene orale, che comprende la pulizia degli spazi tra i denti con spazzolini interdentali o filo interdentale e la pulizia della lingua con un raschietto</li>



<li>Smettere di fumare</li>



<li>Alimentazione sana</li>



<li>Controlli regolari dal dentista con pulizia dei denti, almeno una volta all'anno.</li>
</ul>



<p></p>



<div class="wp-block-buttons is-layout-flex wp-container-core-buttons-is-layout-9ec3b7da wp-block-buttons-is-layout-flex">
<div class="wp-block-button"><a class="wp-block-button__link wp-element-button" href="https://www.parodont.ch/" target="_blank" rel="noopener">Ulteriori informazioni sulla parodontite</a></div>



<div class="wp-block-button"><a class="wp-block-button__link wp-element-button" href="https://www.mundhygiene-instruktion.ch/" target="_blank" rel="noopener">Istruzioni per l'igiene orale</a></div>
</div>



<p></p>

<p>Parodontitis – Eine unterschätzte Volkskrankheit Parodontitis (früher auch Parodontose genannt) ist eine chronische Entzündung des Zahnhalteapparates, die unbehandelt in der Regel zum Zahnverlust führt. Sie zählt zu den häufigsten Erkrankungen im Mundraum und betrifft laut Studien ca. 40% der Erwachsenen – meistens ohne, dass die Betroffenen es wissen. Die meisten Betroffenen erkranken im Alter von [&hellip;]</p>
