{"id":1618,"date":"2026-01-28T20:43:53","date_gmt":"2026-01-28T20:43:53","guid":{"rendered":"https:\/\/parodent.ch\/?page_id=1618"},"modified":"2026-02-27T08:02:02","modified_gmt":"2026-02-27T08:02:02","slug":"parodontologie-bienne","status":"publish","type":"page","link":"https:\/\/parodent.ch\/fr\/parodontologie-biel\/","title":{"rendered":"Traitement des gencives - Parodontologie"},"content":{"rendered":"<h2 class=\"wp-block-heading\">La parodontite - une maladie populaire sous-estim\u00e9e<\/h2>\n\n\n\n<p>La parodontite (anciennement appel\u00e9e parodontose) est une inflammation chronique des tissus de soutien des dents qui, si elle n'est pas trait\u00e9e, entra\u00eene g\u00e9n\u00e9ralement la perte des dents. Elle compte parmi les maladies les plus fr\u00e9quentes de la cavit\u00e9 buccale et touche, selon des \u00e9tudes, environ 40% des adultes - la plupart du temps sans que les personnes concern\u00e9es ne le sachent. La plupart des personnes concern\u00e9es tombent malades vers l'\u00e2ge de 35 ans. Si elle n'est pas trait\u00e9e, la parodontite entra\u00eene la perte des dents.<\/p>\n\n\n\n<p>La cause principale de la parodontite est la plaque dentaire bact\u00e9rienne et le tartre qui se forment lorsque l'hygi\u00e8ne buccale est insuffisante. Les bact\u00e9ries qu'elle contient d\u00e9clenchent tout d'abord une inflammation superficielle du bord de la gencive (gingivite). Si celle-ci n'est pas trait\u00e9e, l'inflammation peut s'\u00e9tendre aux tissus plus profonds, ce qui entra\u00eene la formation d'une poche gingivale - et donc d'une parodontite.<\/p>\n\n\n\n<h3 class=\"wp-block-heading\">Causes et facteurs de risque de la parodontite<\/h3>\n\n\n\n<ul class=\"wp-block-list\">\n<li>Mauvaise hygi\u00e8ne buccale<\/li>\n\n\n\n<li>Fumer<\/li>\n\n\n\n<li>Diab\u00e8te<\/li>\n\n\n\n<li>Stress<\/li>\n\n\n\n<li>Pr\u00e9disposition g\u00e9n\u00e9tique<\/li>\n\n\n\n<li>changements hormonaux (par exemple, grossesse)<\/li>\n\n\n\n<li>Mauvaise alimentation<\/li>\n<\/ul>\n\n\n\n<h3 class=\"wp-block-heading\">Sympt\u00f4mes<\/h3>\n\n\n\n<p>La parodontite se d\u00e9veloppe g\u00e9n\u00e9ralement de mani\u00e8re insidieuse et reste tr\u00e8s longtemps indolore. Les signes typiques sont<\/p>\n\n\n\n<ul class=\"wp-block-list\">\n<li>Saignement des gencives lors du brossage des dents<\/li>\n\n\n\n<li>Rougeur et gonflement des gencives<\/li>\n\n\n\n<li>Mauvaise haleine<\/li>\n\n\n\n<li>R\u00e9duction de la gencive, ( les dents semblent plus \u00bblongues\u00bb, espaces interdentaires sombres)<\/li>\n\n\n\n<li>Mobilit\u00e9 accrue des dents<\/li>\n\n\n\n<li>Collets dentaires sensibles<\/li>\n<\/ul>\n\n\n\n<h3 class=\"wp-block-heading\">Suivre<\/h3>\n\n\n\n<p>Sans traitement, la parodontite entra\u00eene la perte des dents. La perte de dents entra\u00eene une perte de qualit\u00e9 de vie. Manger, parler, chanter et rire deviennent nettement plus difficiles pour les personnes concern\u00e9es. De plus, la parodontite a un impact n\u00e9gatif sur votre apparence, car la gencive se r\u00e9tracte de plus en plus et la position des dents se d\u00e9place.<\/p>\n\n\n\n<p>Selon des \u00e9tudes, les patients atteints de parodontite pr\u00e9sentent un risque accru de maladies cardiovasculaires, de diab\u00e8te et d'accouchement pr\u00e9matur\u00e9.<\/p>\n\n\n\n<h3 class=\"wp-block-heading\">Th\u00e9rapie<\/h3>\n\n\n\n<p>Le traitement vise \u00e0 minimiser drastiquement le nombre de bact\u00e9ries sur les surfaces dentaires, afin de r\u00e9duire l'inflammation dans les tissus infect\u00e9s par les bact\u00e9ries et de permettre ainsi la gu\u00e9rison de la parodontite. Pour ce faire, il faut<\/p>\n\n\n\n<ul class=\"wp-block-list\">\n<li>Un nettoyage professionnel des dents, id\u00e9alement chez un dentiste sp\u00e9cialis\u00e9 en parodontologie, en \u00e9liminant la plaque et le tartre des poches et du rebord gingival.<\/li>\n\n\n\n<li>l'administration \u00e9ventuelle d'antibiotiques apr\u00e8s le nettoyage professionnel des dents<\/li>\n\n\n\n<li>Une hygi\u00e8ne buccale optimale \u00e0 domicile, afin que les d\u00e9p\u00f4ts bact\u00e9riens ne puissent plus s'accumuler<\/li>\n\n\n\n<li>Un contr\u00f4le 2-3 mois apr\u00e8s le d\u00e9but du traitement<\/li>\n\n\n\n<li>Traitement chirurgical dans les cas graves<\/li>\n\n\n\n<li>Un suivi professionnel \u00e0 long terme<\/li>\n<\/ul>\n\n\n\n<h3 class=\"wp-block-heading\">Effets secondaires \u00e9ventuels apr\u00e8s le traitement de la parodontite<\/h3>\n\n\n\n<p>Les effets secondaires possibles d'un traitement gingival sont l'apparition d'espaces interdentaires ouverts, de collets dentaires d\u00e9nud\u00e9s (r\u00e9cessions gingivales) et la sensibilit\u00e9 temporaire de certaines dents.<\/p>\n\n\n\n<h3 class=\"wp-block-heading\">Pr\u00e9vention<\/h3>\n\n\n\n<ul class=\"wp-block-list\">\n<li>Une bonne hygi\u00e8ne buccale, y compris le nettoyage des espaces interdentaires avec des brosses interdentaires ou du fil dentaire, ainsi que le nettoyage de la langue avec un gratte-langue.<\/li>\n\n\n\n<li>Arr\u00eat du tabac<\/li>\n\n\n\n<li>Une alimentation saine<\/li>\n\n\n\n<li>Contr\u00f4les r\u00e9guliers chez le dentiste avec nettoyage des dents, au moins 1x par an<\/li>\n<\/ul>\n\n\n\n<p><\/p>\n\n\n\n<div class=\"wp-block-buttons is-layout-flex wp-container-core-buttons-is-layout-9ec3b7da wp-block-buttons-is-layout-flex\">\n<div class=\"wp-block-button\"><a class=\"wp-block-button__link wp-element-button\" href=\"https:\/\/www.parodont.ch\/\" target=\"_blank\" rel=\"noopener\">Plus d'informations sur la parodontite<\/a><\/div>\n\n\n\n<div class=\"wp-block-button\"><a class=\"wp-block-button__link wp-element-button\" href=\"https:\/\/www.mundhygiene-instruktion.ch\/\" target=\"_blank\" rel=\"noopener\">Instruction sur l'hygi\u00e8ne buccale<\/a><\/div>\n<\/div>\n\n\n\n<p><\/p>","protected":false},"excerpt":{"rendered":"<p>Parodontitis \u2013 Eine untersch\u00e4tzte Volkskrankheit Parodontitis (fr\u00fcher auch Parodontose genannt) ist eine chronische Entz\u00fcndung des Zahnhalteapparates, die unbehandelt in der Regel zum Zahnverlust f\u00fchrt. Sie z\u00e4hlt zu den h\u00e4ufigsten Erkrankungen im Mundraum und betrifft laut Studien ca. 40% der Erwachsenen \u2013 meistens ohne, dass die Betroffenen es wissen. Die meisten Betroffenen erkranken im Alter von [&hellip;]<\/p>\n","protected":false},"author":2,"featured_media":0,"parent":0,"menu_order":0,"comment_status":"closed","ping_status":"closed","template":"","meta":{"footnotes":""},"class_list":["post-1618","page","type-page","status-publish","hentry"],"_links":{"self":[{"href":"https:\/\/parodent.ch\/fr\/wp-json\/wp\/v2\/pages\/1618","targetHints":{"allow":["GET"]}}],"collection":[{"href":"https:\/\/parodent.ch\/fr\/wp-json\/wp\/v2\/pages"}],"about":[{"href":"https:\/\/parodent.ch\/fr\/wp-json\/wp\/v2\/types\/page"}],"author":[{"embeddable":true,"href":"https:\/\/parodent.ch\/fr\/wp-json\/wp\/v2\/users\/2"}],"replies":[{"embeddable":true,"href":"https:\/\/parodent.ch\/fr\/wp-json\/wp\/v2\/comments?post=1618"}],"version-history":[{"count":0,"href":"https:\/\/parodent.ch\/fr\/wp-json\/wp\/v2\/pages\/1618\/revisions"}],"wp:attachment":[{"href":"https:\/\/parodent.ch\/fr\/wp-json\/wp\/v2\/media?parent=1618"}],"curies":[{"name":"wp","href":"https:\/\/api.w.org\/{rel}","templated":true}]}}

<h2 class="wp-block-heading">La parodontite - une maladie populaire sous-estimée</h2>



<p>La parodontite (anciennement appelée parodontose) est une inflammation chronique des tissus de soutien des dents qui, si elle n'est pas traitée, entraîne généralement la perte des dents. Elle compte parmi les maladies les plus fréquentes de la cavité buccale et touche, selon des études, environ 40% des adultes - la plupart du temps sans que les personnes concernées ne le sachent. La plupart des personnes concernées tombent malades vers l'âge de 35 ans. Si elle n'est pas traitée, la parodontite entraîne la perte des dents.</p>



<p>La cause principale de la parodontite est la plaque dentaire bactérienne et le tartre qui se forment lorsque l'hygiène buccale est insuffisante. Les bactéries qu'elle contient déclenchent tout d'abord une inflammation superficielle du bord de la gencive (gingivite). Si celle-ci n'est pas traitée, l'inflammation peut s'étendre aux tissus plus profonds, ce qui entraîne la formation d'une poche gingivale - et donc d'une parodontite.</p>



<h3 class="wp-block-heading">Causes et facteurs de risque de la parodontite</h3>



<ul class="wp-block-list">
<li>Mauvaise hygiène buccale</li>



<li>Fumer</li>



<li>Diabète</li>



<li>Stress</li>



<li>Prédisposition génétique</li>



<li>changements hormonaux (par exemple, grossesse)</li>



<li>Mauvaise alimentation</li>
</ul>



<h3 class="wp-block-heading">Symptômes</h3>



<p>La parodontite se développe généralement de manière insidieuse et reste très longtemps indolore. Les signes typiques sont</p>



<ul class="wp-block-list">
<li>Saignement des gencives lors du brossage des dents</li>



<li>Rougeur et gonflement des gencives</li>



<li>Mauvaise haleine</li>



<li>Réduction de la gencive, ( les dents semblent plus »longues», espaces interdentaires sombres)</li>



<li>Mobilité accrue des dents</li>



<li>Collets dentaires sensibles</li>
</ul>



<h3 class="wp-block-heading">Suivre</h3>



<p>Sans traitement, la parodontite entraîne la perte des dents. La perte de dents entraîne une perte de qualité de vie. Manger, parler, chanter et rire deviennent nettement plus difficiles pour les personnes concernées. De plus, la parodontite a un impact négatif sur votre apparence, car la gencive se rétracte de plus en plus et la position des dents se déplace.</p>



<p>Selon des études, les patients atteints de parodontite présentent un risque accru de maladies cardiovasculaires, de diabète et d'accouchement prématuré.</p>



<h3 class="wp-block-heading">Thérapie</h3>



<p>Le traitement vise à minimiser drastiquement le nombre de bactéries sur les surfaces dentaires, afin de réduire l'inflammation dans les tissus infectés par les bactéries et de permettre ainsi la guérison de la parodontite. Pour ce faire, il faut</p>



<ul class="wp-block-list">
<li>Un nettoyage professionnel des dents, idéalement chez un dentiste spécialisé en parodontologie, en éliminant la plaque et le tartre des poches et du rebord gingival.</li>



<li>l'administration éventuelle d'antibiotiques après le nettoyage professionnel des dents</li>



<li>Une hygiène buccale optimale à domicile, afin que les dépôts bactériens ne puissent plus s'accumuler</li>



<li>Un contrôle 2-3 mois après le début du traitement</li>



<li>Traitement chirurgical dans les cas graves</li>



<li>Un suivi professionnel à long terme</li>
</ul>



<h3 class="wp-block-heading">Effets secondaires éventuels après le traitement de la parodontite</h3>



<p>Les effets secondaires possibles d'un traitement gingival sont l'apparition d'espaces interdentaires ouverts, de collets dentaires dénudés (récessions gingivales) et la sensibilité temporaire de certaines dents.</p>



<h3 class="wp-block-heading">Prévention</h3>



<ul class="wp-block-list">
<li>Une bonne hygiène buccale, y compris le nettoyage des espaces interdentaires avec des brosses interdentaires ou du fil dentaire, ainsi que le nettoyage de la langue avec un gratte-langue.</li>



<li>Arrêt du tabac</li>



<li>Une alimentation saine</li>



<li>Contrôles réguliers chez le dentiste avec nettoyage des dents, au moins 1x par an</li>
</ul>



<p></p>



<div class="wp-block-buttons is-layout-flex wp-container-core-buttons-is-layout-9ec3b7da wp-block-buttons-is-layout-flex">
<div class="wp-block-button"><a class="wp-block-button__link wp-element-button" href="https://www.parodont.ch/" target="_blank" rel="noopener">Plus d'informations sur la parodontite</a></div>



<div class="wp-block-button"><a class="wp-block-button__link wp-element-button" href="https://www.mundhygiene-instruktion.ch/" target="_blank" rel="noopener">Instruction sur l'hygiène buccale</a></div>
</div>



<p></p>

<p>Parodontitis – Eine unterschätzte Volkskrankheit Parodontitis (früher auch Parodontose genannt) ist eine chronische Entzündung des Zahnhalteapparates, die unbehandelt in der Regel zum Zahnverlust führt. Sie zählt zu den häufigsten Erkrankungen im Mundraum und betrifft laut Studien ca. 40% der Erwachsenen – meistens ohne, dass die Betroffenen es wissen. Die meisten Betroffenen erkranken im Alter von [&hellip;]</p>
